{"id":222,"date":"2017-09-05T16:00:19","date_gmt":"2017-09-05T16:00:19","guid":{"rendered":"http:\/\/apel35.fr\/?page_id=222"},"modified":"2026-02-02T15:38:10","modified_gmt":"2026-02-02T14:38:10","slug":"conseil-dadministration","status":"publish","type":"page","link":"https:\/\/apel35.fr\/?page_id=222","title":{"rendered":"\u00c9quipe d&rsquo;animation et Conseil d&rsquo;administration"},"content":{"rendered":"<p><strong>L&rsquo;\u00e9quipe d&rsquo;animation de l&rsquo;Apel 35<\/strong> est compos\u00e9e <strong>d&rsquo;administrateurs (membres issus des \u00e9quipes Apel des diff\u00e9rents secteurs et \u00e9lus lors de l&rsquo;AG Apel 35)<\/strong> et d&rsquo;animateurs (membres issus des Apel non \u00e9lus). Tous oeuvrent \u00e0 la vie des pays Apel (auxquels ils sont rattach\u00e9s), en lien avec l&rsquo;Apel d\u00e9partementale.<\/p>\n<h4>Un pays Apel ?<\/h4>\n<p>Votre Apel \u00e9tablissement est rattach\u00e9e \u00e0 un pays, c&rsquo;est \u00e0 dire \u00e0 un ensemble d&rsquo;\u00e9tablissements compos\u00e9 d&rsquo;\u00e9coles, de coll\u00e8ges et de lyc\u00e9es dans un secteur g\u00e9ographique.<\/p>\n<p><strong>L&rsquo;Ille-et-Vilaine comporte 7 pays r\u00e9partis en 12 secteurs<\/strong> (r\u00e9partition identique au d\u00e9coupage de la Direction dioc\u00e9saine de l&rsquo;Enseignement Catholique). C&rsquo;est un relais de proximit\u00e9 et une ressource pour chacun.<\/p>\n<h4><strong>&nbsp;<\/strong><strong>BUREAU 2024-2025<\/strong><\/h4>\n<ul>\n<li><strong>Pr\u00e9sident : Caroline GONCALVES<\/strong><\/li>\n<li>Vice-pr\u00e9sidente : Sandrine LE MAD<\/li>\n<li>Tr\u00e9sorier : Mathilde BAVIERE<\/li>\n<li>Secr\u00e9taire : Cendrine DELLOYE<\/li>\n<li>Membre : Karine HERMANS<\/li>\n<li>Membre : Aur\u00e9lie LENOIRE<\/li>\n<li>Membre : Jean Marc PAPAIL&nbsp;<\/li>\n<li>Membre : Christian JOSSE&nbsp;<\/li>\n<\/ul>\n<p><strong>le CONSEIL D ADMINISTRATION 2024-2025<\/strong><\/p>\n\n\n<p>Il est compos\u00e9 d&rsquo;administrateurs \u00e9lus pour 3 ans lors de l&rsquo;assembl\u00e9e g\u00e9n\u00e9rale de l&rsquo;Apel 35, d&rsquo;animateurs de secteurs, de pr\u00e9sidents d honneur et d&rsquo;un membre de droit : le pr\u00e9sident de l&rsquo;Apel de Bretagne.<\/p>\n\n\n\n<p><strong>Pays de Rennes : <\/strong> GONCALVEZ Caroline &#8211; JOSSE Christian &#8211; LE MAD Sandrine &#8211; Mathilde BAVIERE &#8211; Gaelle FICHEUX &#8211; St\u00e9phanie GRONE &#8211; Rachel YANA &#8211; Christelle GIBOIRE<\/p>\n\n\n\n<p><strong>Pays de St Malo\/Dol de Bretagne<\/strong> : PAPAIL Jean Marc<\/p>\n\n\n\n<p><strong>Pays de Broc\u00e9liande <\/strong>:  DELLOYE Cendrine &#8211; Sabrina GUEMENE <\/p>\n\n\n\n<p><strong>Pays de Vitr\u00e9 La Roche aux F\u00e9es <\/strong>: ALLAIN Xavier &#8211; LENOIRE Aur\u00e9lie <\/p>\n\n\n\n<p><strong>Pays de Foug\u00e8res<\/strong> : Chriss BADIOZKA &#8211; GUEGO S\u00e9verine &#8211; Sandra DESBUISSON<\/p>\n\n\n\n<p><strong>Pays des Vallons de Vilaine<\/strong> : 2 POSTES VACANTS<\/p>\n\n\n\n<p><strong>Pays de Redon<\/strong> : Fran\u00e7ois ALDEBERT &#8211; Julie BONILLA<\/p>\n\n\n\n<p><strong>Pr\u00e9sidents d honneur<\/strong> : BRUCHET Michel &#8211; GUIFFANT Jeanne Marie &#8211; LOUVEL Paco &#8211; ROBERT Ga\u00eblle &#8211; Patrick GAULIER<\/p>\n\n\n\n<p><strong>Membre de Droit<\/strong> : pr\u00e9sident de l&rsquo;Apel acad\u00e9mique de Bretagne : JOSSE Christian<\/p>\n\n\n\n<figure class=\"wp-block-image size-large\"><a href=\"https:\/\/apel35.fr\/wp-content\/uploads\/2026\/02\/Capture-decran-2026-02-02-153450.png\"><img loading=\"lazy\" width=\"1024\" height=\"577\" src=\"https:\/\/apel35.fr\/wp-content\/uploads\/2026\/02\/Capture-decran-2026-02-02-153450-1024x577.png\" alt=\"\" class=\"wp-image-4254\" srcset=\"https:\/\/apel35.fr\/wp-content\/uploads\/2026\/02\/Capture-decran-2026-02-02-153450-1024x577.png 1024w, https:\/\/apel35.fr\/wp-content\/uploads\/2026\/02\/Capture-decran-2026-02-02-153450-300x169.png 300w, https:\/\/apel35.fr\/wp-content\/uploads\/2026\/02\/Capture-decran-2026-02-02-153450-768x432.png 768w, https:\/\/apel35.fr\/wp-content\/uploads\/2026\/02\/Capture-decran-2026-02-02-153450-600x338.png 600w, https:\/\/apel35.fr\/wp-content\/uploads\/2026\/02\/Capture-decran-2026-02-02-153450-1536x865.png 1536w, https:\/\/apel35.fr\/wp-content\/uploads\/2026\/02\/Capture-decran-2026-02-02-153450-390x220.png 390w, https:\/\/apel35.fr\/wp-content\/uploads\/2026\/02\/Capture-decran-2026-02-02-153450.png 1774w\" sizes=\"(max-width: 1024px) 100vw, 1024px\" \/><\/a><\/figure>\n\n\n\n<h4><strong>Groupes de travail\/commission<\/strong> 2025-2026<\/h4>\n\n\n\n<p>Ils sont compos\u00e9s de membres du conseil d&rsquo;administration et de parents engag\u00e9s dans une \u00e9quipe Apel d&rsquo;\u00e9cole\/coll\u00e8ge ou lyc\u00e9e. Le sujet vous int\u00e9resse, vous souhaitez participer aux r\u00e9flexions et travaux de la commission, faites vous connaitre aupr\u00e8s du secr\u00e9tariat de l&rsquo;Apel d&rsquo;Ille et Vilaine.<\/p>\n\n\n\n<p>Groupes de travail en activit\u00e9 cette ann\u00e9e : <\/p>\n\n\n\n<p class=\"has-text-align-center\">Groupe de travail EARS (\u00e9ducation affective relationnelle et sexuelle)<\/p>\n\n\n\n<p class=\"has-text-align-center\">Groupe de travail EDUCATION INCLUSIVE<\/p>\n","protected":false},"excerpt":{"rendered":"<p>L&rsquo;\u00e9quipe d&rsquo;animation de l&rsquo;Apel 35 est compos\u00e9e d&rsquo;administrateurs (membres issus des \u00e9quipes Apel des diff\u00e9rents secteurs et \u00e9lus lors de l&rsquo;AG Apel 35) et d&rsquo;animateurs (membres issus des Apel non \u00e9lus). Tous oeuvrent \u00e0 la vie des pays Apel (auxquels ils sont rattach\u00e9s), en lien avec l&rsquo;Apel d\u00e9partementale. Un pays Apel ? Votre Apel \u00e9tablissement &hellip;<\/p>\n","protected":false},"author":1,"featured_media":0,"parent":0,"menu_order":0,"comment_status":"closed","ping_status":"closed","template":"","meta":[],"_links":{"self":[{"href":"https:\/\/apel35.fr\/index.php?rest_route=\/wp\/v2\/pages\/222"}],"collection":[{"href":"https:\/\/apel35.fr\/index.php?rest_route=\/wp\/v2\/pages"}],"about":[{"href":"https:\/\/apel35.fr\/index.php?rest_route=\/wp\/v2\/types\/page"}],"author":[{"embeddable":true,"href":"https:\/\/apel35.fr\/index.php?rest_route=\/wp\/v2\/users\/1"}],"replies":[{"embeddable":true,"href":"https:\/\/apel35.fr\/index.php?rest_route=%2Fwp%2Fv2%2Fcomments&post=222"}],"version-history":[{"count":36,"href":"https:\/\/apel35.fr\/index.php?rest_route=\/wp\/v2\/pages\/222\/revisions"}],"predecessor-version":[{"id":4257,"href":"https:\/\/apel35.fr\/index.php?rest_route=\/wp\/v2\/pages\/222\/revisions\/4257"}],"wp:attachment":[{"href":"https:\/\/apel35.fr\/index.php?rest_route=%2Fwp%2Fv2%2Fmedia&parent=222"}],"curies":[{"name":"wp","href":"https:\/\/api.w.org\/{rel}","templated":true}]}}

Équipe d&rsquo;animation et Conseil d&rsquo;administration

<p><strong>L&rsquo;équipe d&rsquo;animation de l&rsquo;Apel 35</strong> est composée <strong>d&rsquo;administrateurs (membres issus des équipes Apel des différents secteurs et élus lors de l&rsquo;AG Apel 35)</strong> et d&rsquo;animateurs (membres issus des Apel non élus). Tous oeuvrent à la vie des pays Apel (auxquels ils sont rattachés), en lien avec l&rsquo;Apel départementale.</p>
<h4>Un pays Apel ?</h4>
<p>Votre Apel établissement est rattachée à un pays, c&rsquo;est à dire à un ensemble d&rsquo;établissements composé d&rsquo;écoles, de collèges et de lycées dans un secteur géographique.</p>
<p><strong>L&rsquo;Ille-et-Vilaine comporte 7 pays répartis en 12 secteurs</strong> (répartition identique au découpage de la Direction diocésaine de l&rsquo;Enseignement Catholique). C&rsquo;est un relais de proximité et une ressource pour chacun.</p>
<h4><strong>&nbsp;</strong><strong>BUREAU 2024-2025</strong></h4>
<ul>
<li><strong>Président : Caroline GONCALVES</strong></li>
<li>Vice-présidente : Sandrine LE MAD</li>
<li>Trésorier : Mathilde BAVIERE</li>
<li>Secrétaire : Cendrine DELLOYE</li>
<li>Membre : Karine HERMANS</li>
<li>Membre : Aurélie LENOIRE</li>
<li>Membre : Jean Marc PAPAIL&nbsp;</li>
<li>Membre : Christian JOSSE&nbsp;</li>
</ul>
<p><strong>le CONSEIL D ADMINISTRATION 2024-2025</strong></p>


<p>Il est composé d&rsquo;administrateurs élus pour 3 ans lors de l&rsquo;assemblée générale de l&rsquo;Apel 35, d&rsquo;animateurs de secteurs, de présidents d honneur et d&rsquo;un membre de droit : le président de l&rsquo;Apel de Bretagne.</p>



<p><strong>Pays de Rennes : </strong> GONCALVEZ Caroline &#8211; JOSSE Christian &#8211; LE MAD Sandrine &#8211; Mathilde BAVIERE &#8211; Gaelle FICHEUX &#8211; Stéphanie GRONE &#8211; Rachel YANA &#8211; Christelle GIBOIRE</p>



<p><strong>Pays de St Malo/Dol de Bretagne</strong> : PAPAIL Jean Marc</p>



<p><strong>Pays de Brocéliande </strong>:  DELLOYE Cendrine &#8211; Sabrina GUEMENE </p>



<p><strong>Pays de Vitré La Roche aux Fées </strong>: ALLAIN Xavier &#8211; LENOIRE Aurélie </p>



<p><strong>Pays de Fougères</strong> : Chriss BADIOZKA &#8211; GUEGO Séverine &#8211; Sandra DESBUISSON</p>



<p><strong>Pays des Vallons de Vilaine</strong> : 2 POSTES VACANTS</p>



<p><strong>Pays de Redon</strong> : François ALDEBERT &#8211; Julie BONILLA</p>



<p><strong>Présidents d honneur</strong> : BRUCHET Michel &#8211; GUIFFANT Jeanne Marie &#8211; LOUVEL Paco &#8211; ROBERT Gaëlle &#8211; Patrick GAULIER</p>



<p><strong>Membre de Droit</strong> : président de l&rsquo;Apel académique de Bretagne : JOSSE Christian</p>



<figure class="wp-block-image size-large"><a href="https://apel35.fr/wp-content/uploads/2026/02/Capture-decran-2026-02-02-153450.png"><img loading="lazy" width="1024" height="577" src="https://apel35.fr/wp-content/uploads/2026/02/Capture-decran-2026-02-02-153450-1024x577.png" alt="" class="wp-image-4254" srcset="https://apel35.fr/wp-content/uploads/2026/02/Capture-decran-2026-02-02-153450-1024x577.png 1024w, https://apel35.fr/wp-content/uploads/2026/02/Capture-decran-2026-02-02-153450-300x169.png 300w, https://apel35.fr/wp-content/uploads/2026/02/Capture-decran-2026-02-02-153450-768x432.png 768w, https://apel35.fr/wp-content/uploads/2026/02/Capture-decran-2026-02-02-153450-600x338.png 600w, https://apel35.fr/wp-content/uploads/2026/02/Capture-decran-2026-02-02-153450-1536x865.png 1536w, https://apel35.fr/wp-content/uploads/2026/02/Capture-decran-2026-02-02-153450-390x220.png 390w, https://apel35.fr/wp-content/uploads/2026/02/Capture-decran-2026-02-02-153450.png 1774w" sizes="(max-width: 1024px) 100vw, 1024px" /></a></figure>



<h4><strong>Groupes de travail/commission</strong> 2025-2026</h4>



<p>Ils sont composés de membres du conseil d&rsquo;administration et de parents engagés dans une équipe Apel d&rsquo;école/collège ou lycée. Le sujet vous intéresse, vous souhaitez participer aux réflexions et travaux de la commission, faites vous connaitre auprès du secrétariat de l&rsquo;Apel d&rsquo;Ille et Vilaine.</p>



<p>Groupes de travail en activité cette année : </p>



<p class="has-text-align-center">Groupe de travail EARS (éducation affective relationnelle et sexuelle)</p>



<p class="has-text-align-center">Groupe de travail EDUCATION INCLUSIVE</p>

<p>L&rsquo;équipe d&rsquo;animation de l&rsquo;Apel 35 est composée d&rsquo;administrateurs (membres issus des équipes Apel des différents secteurs et élus lors de l&rsquo;AG Apel 35) et d&rsquo;animateurs (membres issus des Apel non élus). Tous oeuvrent à la vie des pays Apel (auxquels ils sont rattachés), en lien avec l&rsquo;Apel départementale. Un pays Apel ? Votre Apel établissement &hellip;</p>
