{"id":228,"date":"2017-09-05T16:01:51","date_gmt":"2017-09-05T16:01:51","guid":{"rendered":"http:\/\/apel35.fr\/?page_id=228"},"modified":"2024-01-28T21:28:45","modified_gmt":"2024-01-28T20:28:45","slug":"icf-bep","status":"publish","type":"page","link":"https:\/\/apel35.fr\/?page_id=228","title":{"rendered":"Education Inclusive"},"content":{"rendered":"\n<p>Le mouvement des Apel a fait de l&rsquo;accueil de tous une de ses priorit\u00e9s. <strong>Le r\u00e9seau \u00c9ducation inclusive<\/strong> (anciennement BEP\/ASH) en est une traduction concr\u00e8te. <\/p>\n\n\n\n<p>&nbsp;L&rsquo;Enseignement Catholique d&rsquo;Ille et Vilaine en a fait \u00e9galement une de ses priorit\u00e9s.<\/p>\n\n\n\n<div class=\"wp-block-image\"><figure class=\"aligncenter size-full is-resized\"><a href=\"https:\/\/apel35.fr\/wp-content\/uploads\/2021\/11\/reseau-soin-de-tous.png\"><img loading=\"lazy\" src=\"https:\/\/apel35.fr\/wp-content\/uploads\/2021\/11\/reseau-soin-de-tous.png\" alt=\"\" class=\"wp-image-2785\" width=\"638\" height=\"149\" srcset=\"https:\/\/apel35.fr\/wp-content\/uploads\/2021\/11\/reseau-soin-de-tous.png 605w, https:\/\/apel35.fr\/wp-content\/uploads\/2021\/11\/reseau-soin-de-tous-300x69.png 300w, https:\/\/apel35.fr\/wp-content\/uploads\/2021\/11\/reseau-soin-de-tous-600x139.png 600w\" sizes=\"(max-width: 638px) 100vw, 638px\" \/><\/a><figcaption>une des orientations de l&rsquo;enseignement catholique d&rsquo;Ille et Vilaine<\/figcaption><\/figure><\/div>\n\n\n<h3><span style=\"color: revert;font-size: revert\">Le r\u00e9seau \u00c9cole inclusive<\/span><\/h3>\n<div>\n<div id=\"c1343\" class=\"box\">\n<p class=\"excerpt\">Depuis les lois de f\u00e9vrier et avril 2005, <strong>de plus en plus d&rsquo;\u00e9l\u00e8ves \u00e0 besoins \u00e9ducatifs particuliers ou handicap\u00e9s <\/strong>sont accueillis dans les \u00e9tablissements de l&rsquo;Enseignement Catholique. Pour que cet <strong>accueil<\/strong> se fasse <strong>dans les meilleures conditions possibles<\/strong>, le mouvement des Apel a fait de l&rsquo;accueil <strong>de tous<\/strong> une de ses <strong>priorit\u00e9s<\/strong>. L&rsquo;existence du r\u00e9seau \u00c9cole inclusive (anciennement BEP\/ASH) en est une traduction concr\u00e8te.<\/p>\n<h4><strong>Une commission au sein de l&rsquo;Apel d&rsquo;Ille et Vilaine<\/strong><\/h4>\n<p>Une commission compos\u00e9e de membres du conseil d&rsquo;administration ainsi que de parents engag\u00e9s en \u00e9cole, coll\u00e8ge et lyc\u00e9e et int\u00e9ress\u00e9s par le sujet. L&rsquo;Apel 35 est adh\u00e9rente \u00e0 l&rsquo;association APPEDYS 35. De nouveaux projets sont en cours pour le printemps 2024. Notre objectif : accompagner les parents dans le champ de l&rsquo;\u00e9ducation inclusive, \u00e9changer entre pairs pour mutualiser les astuces et ressources. Conf\u00e9rence et caf\u00e9-parents sont en cours de finalisation.<\/p>\n<\/div>\n<h4>Un r\u00e9seau qui se met progressivement en place au sein de chaque \u00e9cole, coll\u00e8ge et lyc\u00e9e<\/h4>\n<p><\/p>\n<\/div>\n\n\n<div class=\"wp-block-image\"><figure class=\"aligncenter size-full is-resized\"><a href=\"https:\/\/apel35.fr\/wp-content\/uploads\/2021\/11\/correspondant-mission.png\"><img loading=\"lazy\" src=\"https:\/\/apel35.fr\/wp-content\/uploads\/2021\/11\/correspondant-mission.png\" alt=\"\" class=\"wp-image-2786\" width=\"884\" height=\"737\" srcset=\"https:\/\/apel35.fr\/wp-content\/uploads\/2021\/11\/correspondant-mission.png 605w, https:\/\/apel35.fr\/wp-content\/uploads\/2021\/11\/correspondant-mission-300x250.png 300w, https:\/\/apel35.fr\/wp-content\/uploads\/2021\/11\/correspondant-mission-600x500.png 600w\" sizes=\"(max-width: 884px) 100vw, 884px\" \/><\/a><\/figure><\/div>\n","protected":false},"excerpt":{"rendered":"<p>Le mouvement des Apel a fait de l&rsquo;accueil de tous une de ses priorit\u00e9s. Le r\u00e9seau \u00c9ducation inclusive (anciennement BEP\/ASH) en est une traduction concr\u00e8te. &nbsp;L&rsquo;Enseignement Catholique d&rsquo;Ille et Vilaine en a fait \u00e9galement une de ses priorit\u00e9s. une des orientations de l&rsquo;enseignement catholique d&rsquo;Ille et Vilaine Le r\u00e9seau \u00c9cole inclusive Depuis les lois de &hellip;<\/p>\n","protected":false},"author":1,"featured_media":0,"parent":0,"menu_order":0,"comment_status":"closed","ping_status":"closed","template":"","meta":[],"_links":{"self":[{"href":"https:\/\/apel35.fr\/index.php?rest_route=\/wp\/v2\/pages\/228"}],"collection":[{"href":"https:\/\/apel35.fr\/index.php?rest_route=\/wp\/v2\/pages"}],"about":[{"href":"https:\/\/apel35.fr\/index.php?rest_route=\/wp\/v2\/types\/page"}],"author":[{"embeddable":true,"href":"https:\/\/apel35.fr\/index.php?rest_route=\/wp\/v2\/users\/1"}],"replies":[{"embeddable":true,"href":"https:\/\/apel35.fr\/index.php?rest_route=%2Fwp%2Fv2%2Fcomments&post=228"}],"version-history":[{"count":7,"href":"https:\/\/apel35.fr\/index.php?rest_route=\/wp\/v2\/pages\/228\/revisions"}],"predecessor-version":[{"id":3599,"href":"https:\/\/apel35.fr\/index.php?rest_route=\/wp\/v2\/pages\/228\/revisions\/3599"}],"wp:attachment":[{"href":"https:\/\/apel35.fr\/index.php?rest_route=%2Fwp%2Fv2%2Fmedia&parent=228"}],"curies":[{"name":"wp","href":"https:\/\/api.w.org\/{rel}","templated":true}]}}

<p>Le mouvement des Apel a fait de l&rsquo;accueil de tous une de ses priorités. <strong>Le réseau Éducation inclusive</strong> (anciennement BEP/ASH) en est une traduction concrète. </p>



<p>&nbsp;L&rsquo;Enseignement Catholique d&rsquo;Ille et Vilaine en a fait également une de ses priorités.</p>



<div class="wp-block-image"><figure class="aligncenter size-full is-resized"><a href="https://apel35.fr/wp-content/uploads/2021/11/reseau-soin-de-tous.png"><img loading="lazy" src="https://apel35.fr/wp-content/uploads/2021/11/reseau-soin-de-tous.png" alt="" class="wp-image-2785" width="638" height="149" srcset="https://apel35.fr/wp-content/uploads/2021/11/reseau-soin-de-tous.png 605w, https://apel35.fr/wp-content/uploads/2021/11/reseau-soin-de-tous-300x69.png 300w, https://apel35.fr/wp-content/uploads/2021/11/reseau-soin-de-tous-600x139.png 600w" sizes="(max-width: 638px) 100vw, 638px" /></a><figcaption>une des orientations de l&rsquo;enseignement catholique d&rsquo;Ille et Vilaine</figcaption></figure></div>


<h3><span style="color: revert;font-size: revert">Le réseau École inclusive</span></h3>
<div>
<div id="c1343" class="box">
<p class="excerpt">Depuis les lois de février et avril 2005, <strong>de plus en plus d&rsquo;élèves à besoins éducatifs particuliers ou handicapés </strong>sont accueillis dans les établissements de l&rsquo;Enseignement Catholique. Pour que cet <strong>accueil</strong> se fasse <strong>dans les meilleures conditions possibles</strong>, le mouvement des Apel a fait de l&rsquo;accueil <strong>de tous</strong> une de ses <strong>priorités</strong>. L&rsquo;existence du réseau École inclusive (anciennement BEP/ASH) en est une traduction concrète.</p>
<h4><strong>Une commission au sein de l&rsquo;Apel d&rsquo;Ille et Vilaine</strong></h4>
<p>Une commission composée de membres du conseil d&rsquo;administration ainsi que de parents engagés en école, collège et lycée et intéressés par le sujet. L&rsquo;Apel 35 est adhérente à l&rsquo;association APPEDYS 35. De nouveaux projets sont en cours pour le printemps 2024. Notre objectif : accompagner les parents dans le champ de l&rsquo;éducation inclusive, échanger entre pairs pour mutualiser les astuces et ressources. Conférence et café-parents sont en cours de finalisation.</p>
</div>
<h4>Un réseau qui se met progressivement en place au sein de chaque école, collège et lycée</h4>
<p></p>
</div>


<div class="wp-block-image"><figure class="aligncenter size-full is-resized"><a href="https://apel35.fr/wp-content/uploads/2021/11/correspondant-mission.png"><img loading="lazy" src="https://apel35.fr/wp-content/uploads/2021/11/correspondant-mission.png" alt="" class="wp-image-2786" width="884" height="737" srcset="https://apel35.fr/wp-content/uploads/2021/11/correspondant-mission.png 605w, https://apel35.fr/wp-content/uploads/2021/11/correspondant-mission-300x250.png 300w, https://apel35.fr/wp-content/uploads/2021/11/correspondant-mission-600x500.png 600w" sizes="(max-width: 884px) 100vw, 884px" /></a></figure></div>

<p>Le mouvement des Apel a fait de l&rsquo;accueil de tous une de ses priorités. Le réseau Éducation inclusive (anciennement BEP/ASH) en est une traduction concrète. &nbsp;L&rsquo;Enseignement Catholique d&rsquo;Ille et Vilaine en a fait également une de ses priorités. une des orientations de l&rsquo;enseignement catholique d&rsquo;Ille et Vilaine Le réseau École inclusive Depuis les lois de &hellip;</p>
