{"id":230,"date":"2017-09-05T16:02:05","date_gmt":"2017-09-05T16:02:05","guid":{"rendered":"http:\/\/apel35.fr\/?page_id=230"},"modified":"2024-05-13T14:00:46","modified_gmt":"2024-05-13T12:00:46","slug":"pastorale","status":"publish","type":"page","link":"https:\/\/apel35.fr\/?page_id=230","title":{"rendered":"Commission Education Affective Relationnelle et Sexuelle"},"content":{"rendered":"<div id=\"c932\" class=\"box\">\n<\/div>\n<div id=\"c937\" class=\"box\">\n<h3>&nbsp;<\/h3>\n<\/div>\n\n\n<div class=\"wp-block-columns\">\n<div class=\"wp-block-column\">\n<h3 class=\"has-text-align-center\">Pour parler de l\u2019\u00e9ducation affective, relationnelle et sexuelle \u00e0 nos enfants, nous nous sentons, parfois,                      un peu mal \u00e0 l\u2019aise. <\/h3>\n\n\n\n<h3 class=\"has-text-align-center\">Avons-nous d\u2019ailleurs une l\u00e9gitimit\u00e9 ? Oui !&nbsp;<br>Avec l\u2019aide des autres membres de la communaut\u00e9 \u00e9ducative, il devient possible de trouver des r\u00e9ponses adapt\u00e9es. C\u2019est pour cela que l\u2019Apel \u00e9dite dans ce livret quelques pistes de r\u00e9flexions pour faciliter le dialogue avec vos enfants en fonction de leur \u00e2ge.<\/h3>\n<\/div>\n\n\n\n<div class=\"wp-block-column\">\n<figure class=\"wp-block-image size-full is-resized\"><a href=\"https:\/\/apel35.fr\/wp-content\/uploads\/2022\/10\/ears.png\"><img loading=\"lazy\" src=\"https:\/\/apel35.fr\/wp-content\/uploads\/2022\/10\/ears.png\" alt=\"\" class=\"wp-image-3543\" width=\"388\" height=\"454\" \/><\/a><figcaption>Guide en quantit\u00e9 sur demande au secr\u00e9tariat Apel 35 &#8211;                  D\u00e9couvrez tous les guides <a href=\"https:\/\/www.apel.fr\/decouvrirlapel\/publications\/nos-guides-nos-livrets\">ici<\/a><\/figcaption><\/figure>\n\n\n\n<p><\/p>\n<\/div>\n<\/div>\n\n\n\n<h2>Une Commission au sein de l&rsquo;Apel 35<\/h2>\n\n\n\n<p>Une commission nouvellement cr\u00e9\u00e9e au sein de l&rsquo;Apel 35, a pour ambition d&rsquo;accompagner les parents sur sur ces questions. <\/p>\n\n\n\n<p><strong>1\u00e8re action<\/strong> : f\u00e9vrier 2024, 2 ateliers caf\u00e9-parents ont pu r\u00e9unir pr\u00e8s de 30 personnes pour \u00e9changer sur le sujet. <\/p>\n\n\n\n<div class=\"wp-block-image\"><figure class=\"aligncenter size-full is-resized\"><a href=\"https:\/\/apel35.fr\/wp-content\/uploads\/2024\/01\/ears-cafe.png\"><img loading=\"lazy\" src=\"https:\/\/apel35.fr\/wp-content\/uploads\/2024\/01\/ears-cafe.png\" alt=\"\" class=\"wp-image-3592\" width=\"473\" height=\"448\" \/><\/a><figcaption>invitation \u00e0 l&rsquo;atelier men\u00e9 en f\u00e9vrier 2024<\/figcaption><\/figure><\/div>\n\n\n\n<p>2\u00e8<strong>me action<\/strong> : pour la rentr\u00e9e 2024, proposer un atelier pouvant \u00eatre dupliqu\u00e9 en \u00e9tablissement, \u00e0 la demande de l&rsquo;\u00e9quipe Apel en concertation avec le chef d&rsquo;\u00e9tablissement. Cette proposition cl\u00e9 en mains est \u00e9labor\u00e9e conjointement avec des personnes expertes sur le sujet. <\/p>\n","protected":false},"excerpt":{"rendered":"<p>&nbsp; Pour parler de l\u2019\u00e9ducation affective, relationnelle et sexuelle \u00e0 nos enfants, nous nous sentons, parfois, un peu mal \u00e0 l\u2019aise. Avons-nous d\u2019ailleurs une l\u00e9gitimit\u00e9 ? Oui !&nbsp;Avec l\u2019aide des autres membres de la communaut\u00e9 \u00e9ducative, il devient possible de trouver des r\u00e9ponses adapt\u00e9es. C\u2019est pour cela que l\u2019Apel \u00e9dite dans ce livret quelques pistes &hellip;<\/p>\n","protected":false},"author":1,"featured_media":0,"parent":0,"menu_order":0,"comment_status":"closed","ping_status":"closed","template":"","meta":[],"_links":{"self":[{"href":"https:\/\/apel35.fr\/index.php?rest_route=\/wp\/v2\/pages\/230"}],"collection":[{"href":"https:\/\/apel35.fr\/index.php?rest_route=\/wp\/v2\/pages"}],"about":[{"href":"https:\/\/apel35.fr\/index.php?rest_route=\/wp\/v2\/types\/page"}],"author":[{"embeddable":true,"href":"https:\/\/apel35.fr\/index.php?rest_route=\/wp\/v2\/users\/1"}],"replies":[{"embeddable":true,"href":"https:\/\/apel35.fr\/index.php?rest_route=%2Fwp%2Fv2%2Fcomments&post=230"}],"version-history":[{"count":14,"href":"https:\/\/apel35.fr\/index.php?rest_route=\/wp\/v2\/pages\/230\/revisions"}],"predecessor-version":[{"id":3736,"href":"https:\/\/apel35.fr\/index.php?rest_route=\/wp\/v2\/pages\/230\/revisions\/3736"}],"wp:attachment":[{"href":"https:\/\/apel35.fr\/index.php?rest_route=%2Fwp%2Fv2%2Fmedia&parent=230"}],"curies":[{"name":"wp","href":"https:\/\/api.w.org\/{rel}","templated":true}]}}

<div id="c932" class="box">
</div>
<div id="c937" class="box">
<h3>&nbsp;</h3>
</div>


<div class="wp-block-columns">
<div class="wp-block-column">
<h3 class="has-text-align-center">Pour parler de l’éducation affective, relationnelle et sexuelle à nos enfants, nous nous sentons, parfois,                      un peu mal à l’aise. </h3>



<h3 class="has-text-align-center">Avons-nous d’ailleurs une légitimité ? Oui !&nbsp;<br>Avec l’aide des autres membres de la communauté éducative, il devient possible de trouver des réponses adaptées. C’est pour cela que l’Apel édite dans ce livret quelques pistes de réflexions pour faciliter le dialogue avec vos enfants en fonction de leur âge.</h3>
</div>



<div class="wp-block-column">
<figure class="wp-block-image size-full is-resized"><a href="https://apel35.fr/wp-content/uploads/2022/10/ears.png"><img loading="lazy" src="https://apel35.fr/wp-content/uploads/2022/10/ears.png" alt="" class="wp-image-3543" width="388" height="454" /></a><figcaption>Guide en quantité sur demande au secrétariat Apel 35 &#8211;                  Découvrez tous les guides <a href="https://www.apel.fr/decouvrirlapel/publications/nos-guides-nos-livrets">ici</a></figcaption></figure>



<p></p>
</div>
</div>



<h2>Une Commission au sein de l&rsquo;Apel 35</h2>



<p>Une commission nouvellement créée au sein de l&rsquo;Apel 35, a pour ambition d&rsquo;accompagner les parents sur sur ces questions. </p>



<p><strong>1ère action</strong> : février 2024, 2 ateliers café-parents ont pu réunir près de 30 personnes pour échanger sur le sujet. </p>



<div class="wp-block-image"><figure class="aligncenter size-full is-resized"><a href="https://apel35.fr/wp-content/uploads/2024/01/ears-cafe.png"><img loading="lazy" src="https://apel35.fr/wp-content/uploads/2024/01/ears-cafe.png" alt="" class="wp-image-3592" width="473" height="448" /></a><figcaption>invitation à l&rsquo;atelier mené en février 2024</figcaption></figure></div>



<p>2è<strong>me action</strong> : pour la rentrée 2024, proposer un atelier pouvant être dupliqué en établissement, à la demande de l&rsquo;équipe Apel en concertation avec le chef d&rsquo;établissement. Cette proposition clé en mains est élaborée conjointement avec des personnes expertes sur le sujet. </p>

<p>&nbsp; Pour parler de l’éducation affective, relationnelle et sexuelle à nos enfants, nous nous sentons, parfois, un peu mal à l’aise. Avons-nous d’ailleurs une légitimité ? Oui !&nbsp;Avec l’aide des autres membres de la communauté éducative, il devient possible de trouver des réponses adaptées. C’est pour cela que l’Apel édite dans ce livret quelques pistes &hellip;</p>
