{"id":2790,"date":"2021-11-30T12:34:14","date_gmt":"2021-11-30T11:34:14","guid":{"rendered":"https:\/\/apel35.fr\/?page_id=2790"},"modified":"2024-01-28T21:00:32","modified_gmt":"2024-01-28T20:00:32","slug":"les-solidarites","status":"publish","type":"page","link":"https:\/\/apel35.fr\/?page_id=2790","title":{"rendered":"Les Solidarit\u00e9s"},"content":{"rendered":"\n<p>Une commission au sein du conseil d&rsquo;administration Apel 35 permet d&rsquo;investir les dossiers en lien avec les aides d\u00e9velopp\u00e9es par l&rsquo;Apel d&rsquo;Ille et Vilaine.<\/p>\n\n\n\n<div class=\"wp-block-columns\">\n<div class=\"wp-block-column\" style=\"flex-basis:100%\">\n<div class=\"wp-block-columns\">\n<div class=\"wp-block-column is-vertically-aligned-center\" style=\"flex-basis:100%\">\n<div class=\"wp-block-columns\">\n<div class=\"wp-block-column\" style=\"flex-basis:100%\">\n<div class=\"wp-block-columns\">\n<div class=\"wp-block-column\">\n<div class=\"wp-block-image\"><figure class=\"aligncenter size-full\"><a href=\"https:\/\/apel35.fr\/wp-content\/uploads\/2024\/01\/pour-site-internet-solidarites.png\"><img loading=\"lazy\" width=\"788\" height=\"663\" src=\"https:\/\/apel35.fr\/wp-content\/uploads\/2024\/01\/pour-site-internet-solidarites.png\" alt=\"\" class=\"wp-image-3584\" srcset=\"https:\/\/apel35.fr\/wp-content\/uploads\/2024\/01\/pour-site-internet-solidarites.png 788w, https:\/\/apel35.fr\/wp-content\/uploads\/2024\/01\/pour-site-internet-solidarites-300x252.png 300w, https:\/\/apel35.fr\/wp-content\/uploads\/2024\/01\/pour-site-internet-solidarites-768x646.png 768w, https:\/\/apel35.fr\/wp-content\/uploads\/2024\/01\/pour-site-internet-solidarites-600x505.png 600w\" sizes=\"(max-width: 788px) 100vw, 788px\" \/><\/a><figcaption>remise officielle solidarit\u00e9 num\u00e9rique\/p\u00e9dagogique &#8211; novembre 2023<\/figcaption><\/figure><\/div>\n\n\n\n<figure class=\"wp-block-image size-full\"><a href=\"https:\/\/apel35.fr\/wp-content\/uploads\/2024\/01\/cocnours-2023.png\"><img loading=\"lazy\" width=\"936\" height=\"667\" src=\"https:\/\/apel35.fr\/wp-content\/uploads\/2024\/01\/cocnours-2023.png\" alt=\"\" class=\"wp-image-3587\" srcset=\"https:\/\/apel35.fr\/wp-content\/uploads\/2024\/01\/cocnours-2023.png 936w, https:\/\/apel35.fr\/wp-content\/uploads\/2024\/01\/cocnours-2023-300x214.png 300w, https:\/\/apel35.fr\/wp-content\/uploads\/2024\/01\/cocnours-2023-768x547.png 768w, https:\/\/apel35.fr\/wp-content\/uploads\/2024\/01\/cocnours-2023-600x428.png 600w\" sizes=\"(max-width: 936px) 100vw, 936px\" \/><\/a><figcaption>Prix d\u00e9cembre 2023<\/figcaption><\/figure>\n<\/div>\n\n\n\n<div class=\"wp-block-column\">\n<div class=\"wp-block-image\"><figure class=\"alignright size-full\"><a href=\"https:\/\/apel35.fr\/wp-content\/uploads\/2024\/01\/domagne.jpg\"><img loading=\"lazy\" width=\"567\" height=\"800\" src=\"https:\/\/apel35.fr\/wp-content\/uploads\/2024\/01\/domagne.jpg\" alt=\"\" class=\"wp-image-3586\" srcset=\"https:\/\/apel35.fr\/wp-content\/uploads\/2024\/01\/domagne.jpg 567w, https:\/\/apel35.fr\/wp-content\/uploads\/2024\/01\/domagne-213x300.jpg 213w\" sizes=\"(max-width: 567px) 100vw, 567px\" \/><\/a><figcaption>conf\u00e9rence territoire de Chateaubourg &#8211; novembre 2023<\/figcaption><\/figure><\/div>\n<\/div>\n<\/div>\n<\/div>\n<\/div>\n<\/div>\n<\/div>\n<\/div>\n<\/div>\n\n\n\n<h2>Aides d\u00e9velopp\u00e9es <strong>:<\/strong><\/h2>\n\n\n\n<ul><li><strong>Equipement num\u00e9rique et p\u00e9dagogique innovant<\/strong> &#8211; Depuis 2009, cette solidarit\u00e9 est mise en place par le r\u00e9seau des Apel. En 2023-2024, ce sont 15 Apel \u00e9coles et coll\u00e8ges en Ille et Vilaine qui ont b\u00e9n\u00e9fici\u00e9 d une subvention financi\u00e8re. La commission accompagne les \u00e9quipes Apel dans la constitution de leur dossier. Celui ci r\u00e9pond \u00e0 un cahier des charges national. La commission instruit les dossiers pour \u00eatre pr\u00e9sent\u00e9s et vot\u00e9s par le conseil d&rsquo;administration. D\u00e9p\u00f4t d&rsquo;un dossier, chaque ann\u00e9e, d\u00e9but novembre.<\/li><\/ul>\n\n\n\n<ul><li><strong>Conf\u00e9rence mutualis\u00e9e<\/strong> : nous invitons les Apel \u00e0 investir de champ \u00e9ducatif, l&rsquo;accompagnement parental et \u00e0 se regrouper entre \u00e9quipes Apel. Pour encourager cette pratique, l&rsquo;Apel 35 peut d\u00e9bloquer une subvention de l&rsquo;ordre de 50% du projet total, \u00e0 hauteur de 600\u20ac maximum.<\/li><\/ul>\n\n\n\n<ul><li><strong>Con<\/strong>c<strong>ours de cr\u00e8ches<\/strong> : inviter les Apel \u00e9tablissement \u00e0 mettre en place un projet f\u00e9d\u00e9rateur avec l&rsquo;implication des parents, des \u00e9l\u00e8ves, des enseignants&#8230;. pour c\u00e9l\u00e9brer le temps de l&rsquo;Avent. Pour le concours d\u00e9cembre 2023, un bon d&rsquo;achat de 100\u20ac a \u00e9t\u00e9 offert aux 13 laur\u00e9ats.<\/li><\/ul>\n\n\n\n<p><em>+ d&rsquo;informations sur la BOITE A OUTILS Apel &#8211; r\u00e9serv\u00e9 aux parents investis dans une \u00e9quipe Apel &#8211;  accessible par mot de passe &#8211; Contacter l&rsquo;Apel 35<\/em><\/p>\n","protected":false},"excerpt":{"rendered":"<p>Une commission au sein du conseil d&rsquo;administration Apel 35 permet d&rsquo;investir les dossiers en lien avec les aides d\u00e9velopp\u00e9es par l&rsquo;Apel d&rsquo;Ille et Vilaine. remise officielle solidarit\u00e9 num\u00e9rique\/p\u00e9dagogique &#8211; novembre 2023 Prix d\u00e9cembre 2023 conf\u00e9rence territoire de Chateaubourg &#8211; novembre 2023 Aides d\u00e9velopp\u00e9es : Equipement num\u00e9rique et p\u00e9dagogique innovant &#8211; Depuis 2009, cette solidarit\u00e9 est &hellip;<\/p>\n","protected":false},"author":3,"featured_media":0,"parent":0,"menu_order":0,"comment_status":"closed","ping_status":"closed","template":"","meta":[],"_links":{"self":[{"href":"https:\/\/apel35.fr\/index.php?rest_route=\/wp\/v2\/pages\/2790"}],"collection":[{"href":"https:\/\/apel35.fr\/index.php?rest_route=\/wp\/v2\/pages"}],"about":[{"href":"https:\/\/apel35.fr\/index.php?rest_route=\/wp\/v2\/types\/page"}],"author":[{"embeddable":true,"href":"https:\/\/apel35.fr\/index.php?rest_route=\/wp\/v2\/users\/3"}],"replies":[{"embeddable":true,"href":"https:\/\/apel35.fr\/index.php?rest_route=%2Fwp%2Fv2%2Fcomments&post=2790"}],"version-history":[{"count":3,"href":"https:\/\/apel35.fr\/index.php?rest_route=\/wp\/v2\/pages\/2790\/revisions"}],"predecessor-version":[{"id":3588,"href":"https:\/\/apel35.fr\/index.php?rest_route=\/wp\/v2\/pages\/2790\/revisions\/3588"}],"wp:attachment":[{"href":"https:\/\/apel35.fr\/index.php?rest_route=%2Fwp%2Fv2%2Fmedia&parent=2790"}],"curies":[{"name":"wp","href":"https:\/\/api.w.org\/{rel}","templated":true}]}}

Les Solidarités

<p>Une commission au sein du conseil d&rsquo;administration Apel 35 permet d&rsquo;investir les dossiers en lien avec les aides développées par l&rsquo;Apel d&rsquo;Ille et Vilaine.</p>



<div class="wp-block-columns">
<div class="wp-block-column" style="flex-basis:100%">
<div class="wp-block-columns">
<div class="wp-block-column is-vertically-aligned-center" style="flex-basis:100%">
<div class="wp-block-columns">
<div class="wp-block-column" style="flex-basis:100%">
<div class="wp-block-columns">
<div class="wp-block-column">
<div class="wp-block-image"><figure class="aligncenter size-full"><a href="https://apel35.fr/wp-content/uploads/2024/01/pour-site-internet-solidarites.png"><img loading="lazy" width="788" height="663" src="https://apel35.fr/wp-content/uploads/2024/01/pour-site-internet-solidarites.png" alt="" class="wp-image-3584" srcset="https://apel35.fr/wp-content/uploads/2024/01/pour-site-internet-solidarites.png 788w, https://apel35.fr/wp-content/uploads/2024/01/pour-site-internet-solidarites-300x252.png 300w, https://apel35.fr/wp-content/uploads/2024/01/pour-site-internet-solidarites-768x646.png 768w, https://apel35.fr/wp-content/uploads/2024/01/pour-site-internet-solidarites-600x505.png 600w" sizes="(max-width: 788px) 100vw, 788px" /></a><figcaption>remise officielle solidarité numérique/pédagogique &#8211; novembre 2023</figcaption></figure></div>



<figure class="wp-block-image size-full"><a href="https://apel35.fr/wp-content/uploads/2024/01/cocnours-2023.png"><img loading="lazy" width="936" height="667" src="https://apel35.fr/wp-content/uploads/2024/01/cocnours-2023.png" alt="" class="wp-image-3587" srcset="https://apel35.fr/wp-content/uploads/2024/01/cocnours-2023.png 936w, https://apel35.fr/wp-content/uploads/2024/01/cocnours-2023-300x214.png 300w, https://apel35.fr/wp-content/uploads/2024/01/cocnours-2023-768x547.png 768w, https://apel35.fr/wp-content/uploads/2024/01/cocnours-2023-600x428.png 600w" sizes="(max-width: 936px) 100vw, 936px" /></a><figcaption>Prix décembre 2023</figcaption></figure>
</div>



<div class="wp-block-column">
<div class="wp-block-image"><figure class="alignright size-full"><a href="https://apel35.fr/wp-content/uploads/2024/01/domagne.jpg"><img loading="lazy" width="567" height="800" src="https://apel35.fr/wp-content/uploads/2024/01/domagne.jpg" alt="" class="wp-image-3586" srcset="https://apel35.fr/wp-content/uploads/2024/01/domagne.jpg 567w, https://apel35.fr/wp-content/uploads/2024/01/domagne-213x300.jpg 213w" sizes="(max-width: 567px) 100vw, 567px" /></a><figcaption>conférence territoire de Chateaubourg &#8211; novembre 2023</figcaption></figure></div>
</div>
</div>
</div>
</div>
</div>
</div>
</div>
</div>



<h2>Aides développées <strong>:</strong></h2>



<ul><li><strong>Equipement numérique et pédagogique innovant</strong> &#8211; Depuis 2009, cette solidarité est mise en place par le réseau des Apel. En 2023-2024, ce sont 15 Apel écoles et collèges en Ille et Vilaine qui ont bénéficié d une subvention financière. La commission accompagne les équipes Apel dans la constitution de leur dossier. Celui ci répond à un cahier des charges national. La commission instruit les dossiers pour être présentés et votés par le conseil d&rsquo;administration. Dépôt d&rsquo;un dossier, chaque année, début novembre.</li></ul>



<ul><li><strong>Conférence mutualisée</strong> : nous invitons les Apel à investir de champ éducatif, l&rsquo;accompagnement parental et à se regrouper entre équipes Apel. Pour encourager cette pratique, l&rsquo;Apel 35 peut débloquer une subvention de l&rsquo;ordre de 50% du projet total, à hauteur de 600€ maximum.</li></ul>



<ul><li><strong>Con</strong>c<strong>ours de crèches</strong> : inviter les Apel établissement à mettre en place un projet fédérateur avec l&rsquo;implication des parents, des élèves, des enseignants&#8230;. pour célébrer le temps de l&rsquo;Avent. Pour le concours décembre 2023, un bon d&rsquo;achat de 100€ a été offert aux 13 lauréats.</li></ul>



<p><em>+ d&rsquo;informations sur la BOITE A OUTILS Apel &#8211; réservé aux parents investis dans une équipe Apel &#8211;  accessible par mot de passe &#8211; Contacter l&rsquo;Apel 35</em></p>

<p>Une commission au sein du conseil d&rsquo;administration Apel 35 permet d&rsquo;investir les dossiers en lien avec les aides développées par l&rsquo;Apel d&rsquo;Ille et Vilaine. remise officielle solidarité numérique/pédagogique &#8211; novembre 2023 Prix décembre 2023 conférence territoire de Chateaubourg &#8211; novembre 2023 Aides développées : Equipement numérique et pédagogique innovant &#8211; Depuis 2009, cette solidarité est &hellip;</p>
