{"id":4180,"date":"2025-10-03T12:08:03","date_gmt":"2025-10-03T10:08:03","guid":{"rendered":"https:\/\/apel35.fr\/?page_id=4180"},"modified":"2025-10-03T12:08:03","modified_gmt":"2025-10-03T10:08:03","slug":"exposition-ya-fouei","status":"publish","type":"page","link":"https:\/\/apel35.fr\/?page_id=4180","title":{"rendered":"Exposition YA FOUE\u00cf"},"content":{"rendered":"\n<div class=\"wp-block-image\"><figure class=\"aligncenter size-full is-resized\"><a href=\"https:\/\/apel35.fr\/wp-content\/uploads\/2025\/10\/Capture-decran-2025-09-24-101508.png\"><img loading=\"lazy\" src=\"https:\/\/apel35.fr\/wp-content\/uploads\/2025\/10\/Capture-decran-2025-09-24-101508.png\" alt=\"\" class=\"wp-image-4181\" width=\"389\" height=\"554\" srcset=\"https:\/\/apel35.fr\/wp-content\/uploads\/2025\/10\/Capture-decran-2025-09-24-101508.png 685w, https:\/\/apel35.fr\/wp-content\/uploads\/2025\/10\/Capture-decran-2025-09-24-101508-211x300.png 211w, https:\/\/apel35.fr\/wp-content\/uploads\/2025\/10\/Capture-decran-2025-09-24-101508-600x854.png 600w\" sizes=\"(max-width: 389px) 100vw, 389px\" \/><\/a><\/figure><\/div>\n\n\n<p style=\"text-align: center\" data-start=\"105\" data-end=\"606\"><strong data-start=\"105\" data-end=\"194\">Organiser une action de sensibilisation au handicap \u00e0 travers l&rsquo;exposition \u00ab\u00a0Ya Foue\u00ef\u00a0\u00bb<\/strong><\/p>\n<p style=\"text-align: center\" data-start=\"105\" data-end=\"606\">L\u2019exposition \u00ab C\u2019est pas juste une expo sur le handicap \u00bb, lanc\u00e9e par l\u2019association Ya Foue\u00ef, a pour objectif de sensibiliser la communaut\u00e9 \u00e9ducative aux divers handicaps. Elle vise \u00e0 r\u00e9duire les appr\u00e9hensions et \u00e0 encourager l&rsquo;inclusion en favorisant une meilleure compr\u00e9hension des diff\u00e9rences. Acquise par l&rsquo;Apel de Bretagne, cette exposition itin\u00e9rante est destin\u00e9e \u00e0 \u00eatre d\u00e9ploy\u00e9e dans plusieurs r\u00e9gions.<\/p>\n<p style=\"text-align: center\" data-start=\"608\" data-end=\"973\">L\u2019exposition se compose de panneaux visuels aux titres impactants, pr\u00e9sentant une vari\u00e9t\u00e9 de handicaps (auditifs, visuels, moteurs, psychiques, intellectuels, invisibles\u2026). Elle s\u2019adresse \u00e0 tous, que ce soit aux enfants ou aux adultes. Accompagn\u00e9s d\u2019un animateur form\u00e9 sur le sujet, les participants sont invit\u00e9s \u00e0 remplir un quiz qu\u2019ils pourront emporter avec eux.<\/p>\n<p style=\"text-align: center\" data-start=\"975\" data-end=\"1190\">Des actions compl\u00e9mentaires de sensibilisation peuvent enrichir cette exposition : ateliers handisport pour vivre une exp\u00e9rience immersive du handicap, conf\u00e9rences, et RPE cin\u00e9-d\u00e9bat pour poursuivre la r\u00e9flexion.<\/p>\n\n\n<figure class=\"wp-block-embed is-type-video is-provider-youtube wp-block-embed-youtube wp-embed-aspect-16-9 wp-has-aspect-ratio\"><div class=\"wp-block-embed__wrapper\">\n<iframe loading=\"lazy\" title=\"Exposition Ya Foue\u00ef\" width=\"500\" height=\"281\" src=\"https:\/\/www.youtube.com\/embed\/G7DIu-dkS_8?feature=oembed\" frameborder=\"0\" allow=\"accelerometer; autoplay; clipboard-write; encrypted-media; gyroscope; picture-in-picture; web-share\" referrerpolicy=\"strict-origin-when-cross-origin\" allowfullscreen><\/iframe>\n<\/div><\/figure>\n","protected":false},"excerpt":{"rendered":"<p>Organiser une action de sensibilisation au handicap \u00e0 travers l&rsquo;exposition \u00ab\u00a0Ya Foue\u00ef\u00a0\u00bb L\u2019exposition \u00ab C\u2019est pas juste une expo sur le handicap \u00bb, lanc\u00e9e par l\u2019association Ya Foue\u00ef, a pour objectif de sensibiliser la communaut\u00e9 \u00e9ducative aux divers handicaps. Elle vise \u00e0 r\u00e9duire les appr\u00e9hensions et \u00e0 encourager l&rsquo;inclusion en favorisant une meilleure compr\u00e9hension des &hellip;<\/p>\n","protected":false},"author":3,"featured_media":0,"parent":0,"menu_order":0,"comment_status":"closed","ping_status":"closed","template":"","meta":[],"_links":{"self":[{"href":"https:\/\/apel35.fr\/index.php?rest_route=\/wp\/v2\/pages\/4180"}],"collection":[{"href":"https:\/\/apel35.fr\/index.php?rest_route=\/wp\/v2\/pages"}],"about":[{"href":"https:\/\/apel35.fr\/index.php?rest_route=\/wp\/v2\/types\/page"}],"author":[{"embeddable":true,"href":"https:\/\/apel35.fr\/index.php?rest_route=\/wp\/v2\/users\/3"}],"replies":[{"embeddable":true,"href":"https:\/\/apel35.fr\/index.php?rest_route=%2Fwp%2Fv2%2Fcomments&post=4180"}],"version-history":[{"count":3,"href":"https:\/\/apel35.fr\/index.php?rest_route=\/wp\/v2\/pages\/4180\/revisions"}],"predecessor-version":[{"id":4184,"href":"https:\/\/apel35.fr\/index.php?rest_route=\/wp\/v2\/pages\/4180\/revisions\/4184"}],"wp:attachment":[{"href":"https:\/\/apel35.fr\/index.php?rest_route=%2Fwp%2Fv2%2Fmedia&parent=4180"}],"curies":[{"name":"wp","href":"https:\/\/api.w.org\/{rel}","templated":true}]}}

Exposition YA FOUEÏ

<div class="wp-block-image"><figure class="aligncenter size-full is-resized"><a href="https://apel35.fr/wp-content/uploads/2025/10/Capture-decran-2025-09-24-101508.png"><img loading="lazy" src="https://apel35.fr/wp-content/uploads/2025/10/Capture-decran-2025-09-24-101508.png" alt="" class="wp-image-4181" width="389" height="554" srcset="https://apel35.fr/wp-content/uploads/2025/10/Capture-decran-2025-09-24-101508.png 685w, https://apel35.fr/wp-content/uploads/2025/10/Capture-decran-2025-09-24-101508-211x300.png 211w, https://apel35.fr/wp-content/uploads/2025/10/Capture-decran-2025-09-24-101508-600x854.png 600w" sizes="(max-width: 389px) 100vw, 389px" /></a></figure></div>


<p style="text-align: center" data-start="105" data-end="606"><strong data-start="105" data-end="194">Organiser une action de sensibilisation au handicap à travers l&rsquo;exposition « Ya Foueï »</strong></p>
<p style="text-align: center" data-start="105" data-end="606">L’exposition « C’est pas juste une expo sur le handicap », lancée par l’association Ya Foueï, a pour objectif de sensibiliser la communauté éducative aux divers handicaps. Elle vise à réduire les appréhensions et à encourager l&rsquo;inclusion en favorisant une meilleure compréhension des différences. Acquise par l&rsquo;Apel de Bretagne, cette exposition itinérante est destinée à être déployée dans plusieurs régions.</p>
<p style="text-align: center" data-start="608" data-end="973">L’exposition se compose de panneaux visuels aux titres impactants, présentant une variété de handicaps (auditifs, visuels, moteurs, psychiques, intellectuels, invisibles…). Elle s’adresse à tous, que ce soit aux enfants ou aux adultes. Accompagnés d’un animateur formé sur le sujet, les participants sont invités à remplir un quiz qu’ils pourront emporter avec eux.</p>
<p style="text-align: center" data-start="975" data-end="1190">Des actions complémentaires de sensibilisation peuvent enrichir cette exposition : ateliers handisport pour vivre une expérience immersive du handicap, conférences, et RPE ciné-débat pour poursuivre la réflexion.</p>


<figure class="wp-block-embed is-type-video is-provider-youtube wp-block-embed-youtube wp-embed-aspect-16-9 wp-has-aspect-ratio"><div class="wp-block-embed__wrapper">
<iframe loading="lazy" title="Exposition Ya Foueï" width="500" height="281" src="https://www.youtube.com/embed/G7DIu-dkS_8?feature=oembed" frameborder="0" allow="accelerometer; autoplay; clipboard-write; encrypted-media; gyroscope; picture-in-picture; web-share" referrerpolicy="strict-origin-when-cross-origin" allowfullscreen></iframe>
</div></figure>

<p>Organiser une action de sensibilisation au handicap à travers l&rsquo;exposition « Ya Foueï » L’exposition « C’est pas juste une expo sur le handicap », lancée par l’association Ya Foueï, a pour objectif de sensibiliser la communauté éducative aux divers handicaps. Elle vise à réduire les appréhensions et à encourager l&rsquo;inclusion en favorisant une meilleure compréhension des &hellip;</p>
